remainder when 53745 is divided by 53739.
6
Calculate the remainder when 1182 is divided by 212.
122
Calculate the remainder when 56569 is divided by 913.
876
Calculate the remainder when 48144 is divided by 6017.
8
What is the remainder when 1442 is divided by 267?
107
Calculate the remainder when 711217 is divided by 78.
13
Calculate the remainder when 1102492 is divided by 980.
972
What is the remainder when 8742 is divided by 165?
162
What is the remainder when 1589 is divided by 793?
3
What is the remainder when 169253 is divided by 669?
665
What is the remainder when 11035265 is divided by 183?
182
Calculate the remainder when 27625 is divided by 2122.
39
What is the remainder when 53401 is divided by 13332?
73
What is the remainder when 5750 is divided by 81?
80
Calculate the remainder when 8846 is divided by 2211.
2
Calculate the remainder when 8905 is divided by 40.
25
Calculate the remainder when 37023 is divided by 59.
30
What is the remainder when 70585 is divided by 23527?
4
What is the remainder when 20750 is divided by 71?
18
Calculate the remainder when 5190 is divided by 349.
304
Calculate the remainder when 99634 is divided by 228.
226
What is the remainder when 143265 is divided by 17903?
41
What is the remainder when 73299 is divided by 38?
35
Calculate the remainder when 3891 is divided by 22.
19
Calculate the remainder when 22541 is divided by 38.
7
Calculate the remainder when 17516 is divided by 8685.
146
Calculate the remainder when 170343 is divided by 35.
33
Calculate the remainder when 296911 is divided by 654.
649
Calculate the remainder when 170083 is divided by 435.
433
Calculate the remainder when 1007946 is divided by 628.
6
What is the remainder when 140757 is divided by 153?
150
What is the remainder when 754 is divided by 36?
34
Calculate the remainder when 1878 is divided by 564.
186
What is the remainder when 13756 is divided by 6877?
2
Calculate the remainder when 1342486 is divided by 202.
196
What is the remainder when 1732 is divided by 97?
83
What is the remainder when 262704 is divided by 925?
4
Calculate the remainder when 3291 is divided by 1592.
107
What is the remainder when 28826 is divided by 127?
124
Calculate the remainder when 593099 is divided by 118619.
4
What is the remainder when 52656 is divided by 13154?
40
Calculate the remainder when 7804 is divided by 7794.
10
What is the remainder when 182 is divided by 56?
14
What is the remainder when 4365 is divided by 1035?
225
What is the remainder when 174533 is divided by 637?
632
Calculate the remainder when 32667 is divided by 34.
27
Calculate the remainder when 1270278 is divided by 21.
9
Calculate the remainder when 84536 is divided by 21133.
4
Calculate the remainder when 7453 is divided by 529.
47
What is the remainder when 2196514 is divided by 79?
77
Calculate the remainder when 549396 is divided by 73.
71
What is the remainder when 812409 is divided by 274?
273
Calculate the remainder when 65154 is divided by 111.
108
What is the remainder when 3182 is divided by 71?
58
Calculate the remainder when 636634 is divided by 924.
922
What is the remainder when 1006 is divided by 21?
19
Calculate the remainder when 3274 is divided by 83.
37
What is the remainder when 13198 is divided by 9?
4
What is the remainder when 59739 is divided by 154?
141
What is the remainder when 26342 is divided by 5256?
62
Calculate the remainder when 170684 is divided by 6321.
17
Calculate the remainder when 54570 is divided by 7.
5
What is the remainder when 113209 is divided by 851?
26
Calculate the remainder when 1640 is divided by 409.
4
Calculate the remainder when 24822 is divided by 48.
6
Calculate the remainder when 258225 is divided by 212.
9
Calculate the remainder when 13011 is divided by 137.
133
Calculate the remainder when 8070 is divided by 292.
186
Calculate the remainder when 16700 is divided by 8268.
164
Calculate the remainder when 2713 is divided by 369.
130
What is the remainder when 1727 is divided by 607?
513
What is the remainder when 44598 is divided by 252?
246
What is the remainder when 15271 is divided by 149?
73
What is the remainder when 7787 is divided by 2591?
14
What is the remainder when 1506 is divided by 122?
42
Calculate the remainder when 32694 is divided by 1720.
14
Calculate the remainder when 80042 is divided by 1860.
62
Calculate the remainder when 124261 is divided by 90.
61
Calculate the remainder when 5177 is divided by 11.
7
Calculate the remainder when 1190 is divided by 929.
261
What is the remainder when 49292 is divided by 16430?
2
What is the remainder when 2038290 is divided by 311?
307
What is the remainder when 23301 is divided by 104?
5
What is the remainder when 11726 is divided by 135?
116
Calculate the remainder when 68158 is divided by 213.
211
Calculate the remainder when 44888 is divided by 181.
0
What is the remainder when 22554 is divided by 22318?
236
What is the remainder when 5595 is divided by 210?
135
What is the remainder when 744242 is divided by 3578?
18
What is the remainder when 7768 is divided by 19?
16
What is the remainder when 5585 is divided by 151?
149
Calculate the remainder when 62363 is divided by 197.
111
Calculate the remainder when 8470 is divided by 1817.
1202
Calculate the remainder when 35428 is divided by 1476.
4
What is the remainder when 37459 is divided by 2818?
825
What is the remainder when 21249 is divided by 1009?
60
Calculate the remainder when 20176 is divided by 3356.
40
What is the remainder when 7439 is divided by 7364?
75
What is the remainder when 1400929 is divided by 46?
45
Calculate the remainder when 6258 is divided by 378.
210
Calculate the remainder when 27523 is divided by 1970.
1913
What is the remainder when 304595 is divided by 1813?
11
What is the remainder when 1648660 is divided by 6017?
2
What is the remainder when 3918 is divided by 116?
90
What is the remainder when 2409 is divided by 448?
169
Calculate the remainder when 13255 is divided by 222.
157
Calculate the remainder when 4327 is divided by 87.
64
Calculate the remainder when 38926 is divided by 7769.
81
What is the remainder when 23352 is divided by 61?
50
What is the remainder when 399596 is divided by 100?
96
Calculate the remainder when 22208 is divided by 11085.
38
What is the remainder when 4381 is divided by 168?
13
Calculate the remainder when 80181 is divided by 221.
179
What is the remainder when 831364 is divided by 231?
226
Calculate the remainder when 2687 is divided by 116.
19
What is the remainder when 112380 is divided by 110?
70
Calculate the remainder when 603504 is divided by 111.
108
What is the remainder when 1157 is divided by 381?
14
What is the remainder when 19108 is divided by 39?
37
What is the remainder when 108997 is divided by 367?
365
What is the remainder when 804113 is divided by 53?
50
What is the remainder when 3846094 is divided by 12?
10
Calculate the remainder when 2810 is divided by 505.
285
What is the remainder when 144286 is divided by 28852?
26
What is the remainder when 10596 is divided by 2118?
6
Calculate the remainder when 1946 is divided by 291.
200
What is the remainder when 3181 is divided by 1562?
57
Calculate the remainder when 6744 is divided by 123.
102
Calculate the remainder when 93404 is divided by 386.
378
What is the remainder when 3099 is divided by 768?
27
What is the remainder when 23442 is divided by 29?
10
Calculate the remainder when 521245 is divided by 121.
98
Calculate the remainder when 2395 is divided by 150.
145
What is the remainder when 78366 is divided by 8?
6
Calculate the remainder when 4174 is divided by 489.
262
What is the remainder when 5150 is divided by 1029?
5
Calculate the remainder when 3181 is divided by 59.
54
What is the remainder when 3002 is divided by 1276?
450
What is the remainder when 589 is divided by 324?
265
What is the remainder when 90134 is divided by 15?
14
What is the remainder when 4066 is divided by 34?
20
What is the remainder when 64054 is divided by 295?
39
Calculate the remainder when 88547 is divided by 90.
77
What is the remainder when 636881 is divided by 106145?
11
Calculate the remainder when 2577 is divided by 1285.
7
What is the remainder when 72204 is divided by 3795?